sor of l and 25?
25
Let g(k) = -k**3 - 6*k**2 - 7*k - 21. Let b be g(-9). Calculate the greatest common factor of b and 57.
57
Let i(a) = 6*a**2 - 9*a - 32. Let t be i(-3). Suppose j + 2*n + 27 = 73, j - n = t. Calculate the highest common factor of 12 and j.
12
Suppose 38*f - 6279 = -53*f. Suppose 0 = -3*w - 2*w - 2*b + 240, -4*b = -w + 26. Calculate the highest common factor of w and f.
23
Let p = 14 + -3. Suppose 8*n + 21 = p*n. What is the greatest common divisor of 77 and n?
7
Suppose -2*k + 55 = 3*x, 5*k = 5*x + 70 - 195. Let a = -78 + 81. Calculate the greatest common factor of x and a.
3
Suppose -13*c + 1472 = -11*c. What is the greatest common divisor of c and 64?
32
Let b(k) = -2*k + 62. Let v be b(25). What is the greatest common divisor of 276 and v?
12
Suppose -2*s + 19 = 2*s + 3*d, -5*s + 15 = -5*d. What is the highest common factor of s and 168?
4
Suppose a - 2*a = 0. Suppose -2*z - 3*n - 14 + 66 = a, -4*z + 5*n = -60. Let v be (-7)/28*25*-8. What is the highest common divisor of z and v?
10
Suppose 2*k = 4*g + 3*k - 141, -g + 30 = -5*k. Let t be (-492)/(-21) - (-20)/g. What is the highest common divisor of 60 and t?
12
Let y = 3 - 3. Suppose 616 = -y*z + 4*z. Suppose -15 = -4*i + 41. Calculate the greatest common divisor of i and z.
14
Suppose 0*m - 2*a - 1196 = -2*m, -5*m - 2*a + 2962 = 0. Suppose 9*q = 15*q - m. What is the greatest common divisor of q and 33?
33
Suppose -22 - 13 = -5*v. Suppose -2*q - 16 = -20. Let a be -15*q/(-6) - 4. Calculate the greatest common divisor of a and v.
1
Let m(l) = -l**2 + 6. Let a be m(0). Let k(n) = n**3 + 6*n**2 - n - 26. Let f be k(-3). Calculate the highest common divisor of a and f.
2
Suppose -57*u - 60 = -67*u. What is the greatest common divisor of 3 and u?
3
Suppose 5*c - 24 = 41. Let h be (2 - 98/4)*12/(-10). Suppose h*g - 30*g = -117. What is the highest common factor of c and g?
13
Let r(c) = -c**2 + 11*c - 5. Let n = 3 + 7. Let o be r(n). Let g = o + 6. Calculate the greatest common factor of g and 55.
11
Let w(p) = -9*p - 95. Let a be w(-15). Calculate the highest common factor of 80 and a.
40
Suppose 0 = 5*k - 4*k + 3. Let i be k/9*8*-9. What is the greatest common factor of i and 12?
12
Suppose -21 = -4*d - 5, -2*t + 3*d + 464 = 0. What is the highest common divisor of 170 and t?
34
Let s(o) = o**3 + 8*o**2 + 9*o + 17. Let y be s(-7). Let q be -2 - 1 - (-171)/y. What is the greatest common divisor of q and 9?
9
Let z(w) be the third derivative of -1/24*w**4 + 0 + 3/20*w**5 + 1/3*w**3 + 0*w + 4*w**2. Let u be z(-2). Calculate the greatest common divisor of 10 and u.
10
Suppose 5*c - 76 = -51. Suppose -c*f + 14 = 2*g + 2*g, -5*g = f - 7. Calculate the greatest common factor of f and 3.
1
Let k be 230/161*28/2. What is the highest common divisor of 4 and k?
4
Let t = 97 - 74. Let r(p) = p**2 - 21*p - 8. Let m be r(t). Let y = 40 + 55. What is the highest common divisor of m and y?
19
Suppose 175 - 889 = 6*w. Let o be (-93)/(-7) + 34/w. Calculate the greatest common factor of 52 and o.
13
Let m = 71 + -62. Suppose 0 = m*n - 30 - 240. What is the highest common divisor of 10 and n?
10
Let b be 3/(-15) - (-12)/10. Let y be 798/19 + (-3 - b). Calculate the highest common factor of y and 19.
19
Let j = 443 - 121. What is the highest common divisor of j and 92?
46
Let o = 12 + -10. Let s(n) = 9*n + 9. Let c be s(o). What is the greatest common factor of c and 9?
9
Let t = 728 + -352. What is the greatest common factor of t and 141?
47
Suppose -138*a + 126*a + 48 = 0. Let w be (25 - -1) + (-2)/(-1). Calculate the greatest common divisor of w and a.
4
Suppose -5*p + 7*p = 0. Let v be (-1)/(p + 3/(-24)). Calculate the highest common factor of v and 1.
1
Let g be ((-244)/(-12))/(2/(-6)). Suppose -5*p - 3*t - 281 = 390, 5*t - 123 = p. Let x = g - p. Calculate the greatest common divisor of x and 9.
9
Let y be 42/5 + (-4)/10. Suppose -2*p = 2*u - 140, -2*p = 4*u - 121 - 15. Calculate the greatest common factor of y and p.
8
Suppose -131 = -2*d + 5*l, 13*d + 370 = 18*d - 4*l. What is the greatest common factor of d and 130?
26
Let b be -5*(-4 - (-3 + 1)). Let y be -9*1 + (-6)/3. Let r be -1 + 4 - y*7. What is the greatest common factor of r and b?
10
Let h = 61 + -52. Let y be ((-66)/4)/(h/(-12)). What is the highest common factor of y and 22?
22
Suppose -2*t = -8*t - 120. Let s be ((6 - 2) + -5)*(t - 0). What is the highest common divisor of s and 160?
20
Let j be (3 + (-4 - 2))*-1. Let y be (j + -3 + 0)/1. Let g be (-15)/((-4)/4 - y). Calculate the greatest common divisor of 135 and g.
15
Let q = 35 + -31. Let u be 984/88 - q/22. Calculate the greatest common factor of 1 and u.
1
Let i = 40 + -23. Suppose 1359 = 39*z + 33. Calculate the greatest common divisor of z and i.
17
Suppose 0 = 2*h + 4*h - 366. Let a = h - 60. Calculate the greatest common divisor of a and 1.
1
Let g(p) be the first derivative of -p**3/3 + 8*p**2 + 21*p - 3. Let y be g(15). What is the highest common factor of y and 18?
18
Let a = 18 + -10. Suppose -z - 2 = 0, -o + 4*z - 8*z + 33 = 0. Let u = -33 + o. Calculate the greatest common divisor of a and u.
8
Suppose -y = 4*z + 29 - 644, 3*y + 325 = 2*z. Calculate the highest common factor of 62 and z.
31
Let o = 28 + -16. Let h(w) be the second derivative of w**4/3 + 2*w**3/3 + 2*w**2 - 2*w. Let d be h(4). What is the greatest common factor of d and o?
12
Suppose 0 = 2*m - 2 - 22. Let l(k) = 4*k + 8. Let r be l(7). Suppose 0 = -2*n - 0*n - 5*i + 4, 2*n - r = 3*i. Calculate the highest common factor of m and n.
12
Suppose 4*p - 6*j + 3*j + 36 = 0, 5*p + 5*j + 10 = 0. Let l be p*2/(-8)*1120/48. Calculate the highest common divisor of 7 and l.
7
Suppose 0*j = 2*j. Let m(n) = n**3 - n**2 - n + 3. Let r be m(j). What is the highest common factor of r and 21?
3
Let d(l) = -16*l**3 + l**2 - l - 7. Let y be d(-3). What is the greatest common divisor of 69 and y?
23
Let i be (-952)/32 + 3/(-12). Let g be (3 - 1)/((-6)/45). Let w = g - i. What is the highest common factor of w and 5?
5
Let v = 1436 - 1156. Calculate the highest common factor of v and 350.
70
Suppose -5*w - 3*s = -59, -4*w - 14*s = -13*s - 43. What is the highest common divisor of 3270 and w?
10
Suppose -5*c + 4*i = -89 - 55, -80 = -3*c + 4*i. Calculate the greatest common divisor of 304 and c.
16
Let t(r) = -r + 9. Suppose 3*n - 4*n + 3 = 0. Let u be t(n). Let b be (21 + -9)/(2*(-2)/(-16)). What is the highest common divisor of b and u?
6
Let n(a) = -a**3 - a**2 + 9. Let i be n(0). Suppose -3*m + 60 = 2*m + 3*g, 2*g = 10. Calculate the highest common divisor of i and m.
9
Suppose -748 = -4*t + 2*t. What is the highest common factor of t and 22?
22
Let w(c) = 511*c**2 - 26*c - 2. Let d be w(2). Calculate the greatest common divisor of d and 10.
10
Suppose -4*u + 7 = 3*k - 5*u, -4*k = 5*u - 41. Suppose k*h - 9*h + 455 = 5*a, 0 = -3*h - 4*a + 274. Calculate the greatest common factor of h and 10.
10
Suppose -57*o - 72 = -63*o. Calculate the highest common factor of o and 24.
12
Let z = 1364 - 1264. Suppose -q = -w - 2*w - 8, -w = -4. Calculate the highest common factor of z and q.
20
Let b = -362 - -416. Calculate the greatest common divisor of b and 6.
6
Suppose -5*d = -3*f + 12, 16 = -0*f + 4*f + 2*d. Suppose 0*v = -y - v + 1, -4*y + f = -3*v. Calculate the highest common divisor of 5 and y.
1
Suppose -5*x = 8*y - 3*y - 1145, 2*y - x - 461 = 0. Calculate the highest common divisor of 322 and y.
46
Let w(p) = 79*p**2 - 2*p. Let i be w(1). Let h = 72 - 48. Suppose -4 + h = 4*b - 4*n, 1 = b - 3*n. What is the greatest common divisor of i and b?
7
Let u(n) = -2*n - 20. Let b be u(-9). Let f be b/(-1) - (-9 + -349). Calculate the greatest common divisor of f and 40.
40
Let x(g) = g**3 - g**2 + g + 3. Let h be x(0). Let o be (h + -6 + 3)*-1. Suppose c + 3*c - 8 = o. Calculate the highest common factor of c and 4.
2
Let t be 48/14*(-2121)/(-202). Suppose 8*w - 45 = 3*w. Calculate the highest common factor of w and t.
9
Suppose 38*a - 1040 - 2722 = 0. Calculate the highest common divisor of 36 and a.
9
Let g = 83 - 26. Suppose -54*s + g*s - 18 = 0. What is the greatest common divisor of s and 54?
6
Let c = -41 + 3. Let w = 48 + c. Calculate the highest common factor of 20 and w.
10
Suppose 4*r - 2*v - 11 = -r, -5 = -3